{"id":145,"date":"2025-05-10T16:28:51","date_gmt":"2025-05-10T14:28:51","guid":{"rendered":"https:\/\/fimacore.fr\/index.php\/produit\/renforceur-de-poignees-pour-hommes-et-femmes-masseur-de-bras-a-ressort-extenseur-exercice-des-mains-gymnastique-fitness-entrainement-pince-de-poignet\/"},"modified":"2025-05-18T13:32:35","modified_gmt":"2025-05-18T11:32:35","slug":"pince-muscu","status":"publish","type":"product","link":"https:\/\/fimacore.fr\/index.php\/produit\/pince-muscu\/","title":{"rendered":"Renforceur de poign\u00e9es"},"content":{"rendered":"<h2 style=\"text-align: center;\">Renforcez Votre Prise avec Pr\u00e9cision et Confort<\/h2>\n<p>Am\u00e9liorez votre force de pr\u00e9hension gr\u00e2ce \u00e0 notre<br \/>\n<strong>pince \u00e0 main ergonomique<\/strong> dot\u00e9e de<br \/>\n<strong>poign\u00e9es antid\u00e9rapantes en caoutchouc<\/strong> et de<br \/>\n<strong>ressorts en acier inoxydable<\/strong>.<br \/>\nCon\u00e7ue pour offrir une durabilit\u00e9 exceptionnelle, elle prot\u00e8ge vos mains et doigts tout en assurant un entra\u00eenement efficace.<\/p>\n<h2 style=\"text-align: center;\">R\u00e9sistance Ajustable pour Tous les Niveaux<\/h2>\n<p>Personnalisez votre entra\u00eenement avec une r\u00e9sistance r\u00e9glable de<br \/>\n<strong>10 \u00e0 110 lb (4,5 \u00e0 50 kg)<\/strong>, adapt\u00e9e aussi bien aux d\u00e9butants qu&#8217;aux athl\u00e8tes confirm\u00e9s.<br \/>\nId\u00e9ale pour renforcer les muscles des mains, des poignets et des avant-bras.<\/p>\n<h2 style=\"text-align: center;\">Polyvalente et B\u00e9n\u00e9fique<\/h2>\n<p>Parfaite pour les grimpeurs, bodybuilders, golfeurs, musiciens et plus encore.<br \/>\nElle est \u00e9galement b\u00e9n\u00e9fique pour les personnes souffrant d&#8217;arthrite, de tennis elbow, de polyarthrite rhumato\u00efde ou du syndrome du canal carpien.<\/p>\n<h2 style=\"text-align: center;\">Conception Ergonomique et Portable<\/h2>\n<p>Son design ergonomique convient \u00e0 toutes les tailles de main et \u00e0 tous les \u00e2ges.<br \/>\nCompacte et l\u00e9g\u00e8re, elle vous accompagne partout pour des s\u00e9ances d&#8217;entra\u00eenement \u00e0 tout moment.<\/p>\n<p><!-- Images du produit --><\/p>\n","protected":false},"excerpt":{"rendered":"<p><span class=\"relative -mx-px my-[-0.2rem] rounded px-px py-[0.2rem] transition-colors duration-100 ease-in-out\">Am\u00e9liorez votre force de pr\u00e9hension gr\u00e2ce \u00e0 notre <strong data-start=\"50\" data-end=\"78\">pince \u00e0 main ergonomique<\/strong> dot\u00e9e de <strong data-start=\"88\" data-end=\"129\">poign\u00e9es antid\u00e9rapantes en caoutchouc<\/strong> et de <strong data-start=\"136\" data-end=\"168\">ressorts en acier inoxydable<\/strong>.<\/span> <span class=\"relative -mx-px my-[-0.2rem] rounded px-px py-[0.2rem] transition-colors duration-100 ease-in-out\">Con\u00e7ue pour offrir une durabilit\u00e9 exceptionnelle, elle prot\u00e8ge vos mains et doigts tout en assurant un entra\u00eenement efficace.<\/span><\/p>\n","protected":false},"featured_media":146,"comment_status":"open","ping_status":"closed","template":"","meta":[],"product_brand":[],"product_cat":[42,22,40,41,21],"product_tag":[],"class_list":{"0":"post-145","1":"product","2":"type-product","3":"status-publish","4":"has-post-thumbnail","6":"product_cat-accessoires-de-musculation","7":"product_cat-meilleurs-vente","8":"product_cat-musculation-et-fitness","9":"product_cat-sante-bien-etre","10":"product_cat-all","11":"pa_color-bague","12":"pa_color-bleu-avec-compteur","13":"pa_color-bleu-sans-compteur","14":"pa_color-gris-sans-compteur","15":"pa_color-noir-avec-compteur","16":"pa_color-noir-sans-compteur","17":"pa_color-noir-gris-avec-compteur","18":"pa_color-noir-rouge-avec-compteur","19":"pa_color-noir-rouge-sans-compteur","20":"pa_color-rouge-sans-compteur","22":"first","23":"instock","24":"taxable","25":"shipping-taxable","26":"purchasable","27":"product-type-variable"},"jetpack_sharing_enabled":true,"_links":{"self":[{"href":"https:\/\/fimacore.fr\/index.php\/wp-json\/wp\/v2\/product\/145","targetHints":{"allow":["GET"]}}],"collection":[{"href":"https:\/\/fimacore.fr\/index.php\/wp-json\/wp\/v2\/product"}],"about":[{"href":"https:\/\/fimacore.fr\/index.php\/wp-json\/wp\/v2\/types\/product"}],"replies":[{"embeddable":true,"href":"https:\/\/fimacore.fr\/index.php\/wp-json\/wp\/v2\/comments?post=145"}],"wp:featuredmedia":[{"embeddable":true,"href":"https:\/\/fimacore.fr\/index.php\/wp-json\/wp\/v2\/media\/146"}],"wp:attachment":[{"href":"https:\/\/fimacore.fr\/index.php\/wp-json\/wp\/v2\/media?parent=145"}],"wp:term":[{"taxonomy":"product_brand","embeddable":true,"href":"https:\/\/fimacore.fr\/index.php\/wp-json\/wp\/v2\/product_brand?post=145"},{"taxonomy":"product_cat","embeddable":true,"href":"https:\/\/fimacore.fr\/index.php\/wp-json\/wp\/v2\/product_cat?post=145"},{"taxonomy":"product_tag","embeddable":true,"href":"https:\/\/fimacore.fr\/index.php\/wp-json\/wp\/v2\/product_tag?post=145"}],"curies":[{"name":"wp","href":"https:\/\/api.w.org\/{rel}","templated":true}]}}